8081 composite?
False
Is 27319 prime?
False
Is 6449 composite?
False
Is 18591 a composite number?
True
Is 26581 a prime number?
False
Is 30449 a prime number?
True
Is 442691 a composite number?
False
Is 3755 prime?
False
Is 121591 prime?
True
Is 739 prime?
True
Is 359387 a composite number?
True
Is 2069069 a composite number?
False
Is 4749 a composite number?
True
Is 6733 composite?
False
Is 3073 a composite number?
True
Is 59767 a prime number?
False
Is 38011 a prime number?
True
Is 907 prime?
True
Is 25153 a prime number?
True
Is 2429 composite?
True
Is 2330909 composite?
True
Is 98251 prime?
True
Is 27781 a prime number?
False
Is 5269 composite?
True
Is 3449 prime?
True
Is 1103 a composite number?
False
Is 568307 a composite number?
True
Is 610391 a composite number?
False
Is 31817 composite?
False
Is 3793 composite?
False
Is 92135 composite?
True
Is 27647 prime?
True
Is 9601 prime?
True
Is 45299 composite?
True
Is 3427 a composite number?
True
Is 19079 a prime number?
True
Is 17707 prime?
True
Is 357139 composite?
False
Is 1404479 a composite number?
False
Is 666499 composite?
True
Is 33103 prime?
False
Is 1409 a composite number?
False
Is 26237 prime?
True
Is 4751 a prime number?
True
Is 496789 a prime number?
True
Is 18002 composite?
True
Is 6891 a prime number?
False
Is 23857 a prime number?
True
Is 1009 a composite number?
False
Is 9173 a composite number?
False
Is 206507 a composite number?
True
Is 71633 a prime number?
True
Is 4729 prime?
True
Is 1355921 a composite number?
True
Is 16301 a composite number?
False
Is 13373 a prime number?
False
Is 95311 a composite number?
False
Is 3917995 composite?
True
Is 48179 a composite number?
False
Is 21374 composite?
True
Is 7099 composite?
True
Is 3221 composite?
False
Is 19181 a composite number?
False
Is 194629 a composite number?
True
Is 1193 a composite number?
False
Is 16771 composite?
True
Is 171883 composite?
True
Is 113429 prime?
False
Is 382963 composite?
True
Is 119933 prime?
False
Is 3389 a prime number?
True
Is 2837839 composite?
False
Is 371111 a prime number?
False
Is 171499 a composite number?
True
Is 230327 a prime number?
True
Is 21989 a prime number?
False
Is 2988977 a prime number?
False
Is 1239817 a prime number?
True
Is 8033 composite?
True
Is 4535 composite?
True
Is 153905 a composite number?
True
Is 223703 composite?
True
Is 69811 a prime number?
False
Is 70303 a composite number?
True
Is 27509 composite?
False
Is 1724737 composite?
True
Is 22987 prime?
False
Is 15719 a composite number?
True
Is 1000655 prime?
False
Is 83531 a prime number?
False
Is 136501 prime?
True
Is 200957 a composite number?
True
Is 339211 a composite number?
False
Is 2851799 a prime number?
True
Is 223207 a composite number?
False
Is 53749 a prime number?
False
Is 13021 composite?
True
Is 17093 a composite number?
False
Is 1178059 prime?
True
Is 33527 a prime number?
False
Is 19237 prime?
True
Is 12147 prime?
False
Is 288023 prime?
True
Is 3299 composite?
False
Is 86063 composite?
True
Is 331333 prime?
True
Is 528487 a prime number?
True
Is 12227 a prime number?
True
Is 20477 composite?
False
Is 10357 a composite number?
False
Is 15619 composite?
False
Is 270741 a prime number?
False
Is 1949 prime?
True
Is 12151 a composite number?
True
Is 815 a prime number?
False
Is 3574 composite?
True
Is 2999 a composite number?
False
Is 197821 a prime number?
False
Is 17377 composite?
False
Is 3365741 a prime number?
True
Is 105167 a prime number?
True
Is 573 composite?
True
Is 35179 a composite number?
True
Is 42209 prime?
True
Is 78739 composite?
True
Is 380881 a composite number?
False
Is 191 a composite number?
False
Is 137627 composite?
True
Is 18838 composite?
True
Is 123467 composite?
True
Is 88859 a prime number?
False
Is 4193 a composite number?
True
Is 107509 composite?
False
Is 5638517 a composite number?
False
Is 23357 a composite number?
False
Is 2059 composite?
True
Is 698357 a composite number?
True
Is 631 a composite number?
False
Is 187993 a prime number?
False
Is 1343627 a prime number?
True
Is 1044049 a prime number?
False
Is 220189 a composite number?
False
Is 37243 a composite number?
False
Is 16877 composite?
True
Is 21001 a prime number?
True
Is 88721 prime?
True
Is 19911 a composite number?
True
Is 51449 composite?
False
Is 17711 a composite number?
True
Is 1087 composite?
False
Is 1506673 a prime number?
False
Is 14491 a prime number?
False
Is 6211 a prime number?
True
Is 74339 a prime number?
False
Is 472531 a composite number?
True
Is 13157 a composite number?
True
Is 526249 a prime number?
True
Is 49255 a prime number?
False
Is 2231 prime?
False
Is 36599 a composite number?
False
Is 26905 prime?
False
Is 54217 a prime number?
True
Is 18119 a composite number?
False
Is 1949 a prime number?
True
Is 744019 prime?
True
Is 327941 composite?
False
Is 63389 composite?
False
Is 203789 composite?
False
Is 1778957 composite?
True
Is 2208619 a prime number?
False
Is 771321 a prime number?
False
Is 2081195 composite?
True
Is 393181 a composite number?
False
Is 18947 a composite number?
False
Is 277847 prime?
True
Is 1007 prime?
False
Is 793973 composite?
True
Is 57881 a prime number?
True
Is 700741 a prime number?
False
Is 3779 a composite number?
False
Is 32815 a prime number?
False
Is 412751 composite?
True
Is 5639 a prime number?
True
Is 191 composite?
False
Is 385831 a composite number?
False
Is 35279 composite?
False
Is 38207 prime?
False
Is 32811 a prime number?
False
Is 2453 a composite number?
True
Is 8726 a composite number?
True
Is 27353 a prime number?
False
Is 15479 composite?
True
Is 742177 composite?
True
Is 8609 a prime number?
True
Is 218849 a composite number?
False
Is 76317 a composite number?
True
Is 56393 composite?
False
Is 337721 prime?
True
Is 100733 a composite number?
False
Is 103739 composite?
True
Is 347003 composite?
False
Is 108247 a prime number?
True
Is 60861 a composite number?
True
Is 129439 a prime number?
True
Is 22109 a composite number?
False
Is 59333 composite?
False
Is 140897 prime?
True
Is 3475543 prime?
True
Is 28058 a prime number?
False
Is 6599 composite?
False
Is 3735851 prime?
False
Is 17503 composite?
True
Is 11751 a prime number?
False
Is 186299 prime?
True
Is 373153 composite?
True
Is 68071 a prime number?
True
Is 111409 prime?
True
Is 56919 prime?
False
Is 161149 a prime number?
True
Is 4889 composite?
False
Is 8501 a prime number?
True
Is 262987 a prime number?
False
Is 17833 composite?
True
Is 58727 composite?
False
Is 522371 a prime number?
True
Is 70537 a composite number?
False
Is 37039 prime?
True
Is 237271 composite?
False
Is 20269 prime?
True
Is 45119 a composite number?
False
Is 4497 a prime number?
False
Is 87149 prime?
True
Is 154861 a prime number?
False
Is 3229 a prime number?
True
Is 545783 a prime number?
False
Is 7141 prime?
False
Is 825679 prime?
True
Is 200401 a composite number?
False
Is 31847 a composite number?
False
Is 3205 a composite number?
True
Is 31121 prime?
True
Is 1176463 a prime number?
True
Is 1481 a composite number?
False
Is 4897015 a prime number?
False
Is 32401 prime?
True
Is 29983 a composite number?
False
Is 216037 prime?
True
Is 1606063 prime?
False
Is 796259 prime?
True
Is 7131 composite?
True
Is 7041 prime?
False
Is 1126189 a prime number?
True
Is 91009 composite?
False
Is 268091 a composite number?
False
Is 420815 a prime number?
False
Is 73709 prime?
True
Is 68597 a prime number?
True
Is 17519 composite?
False
Is 107441 a prime number?
True
Is 1635607 composite?
False
Is 5557 composite?
False
Is 19226 composite?
True
Is 20323 prime?
True
Is 19373 a prime number?
True
Is 160579 a prime number?
True
Is 37641 a composite number?
True
Is 143237 a composite number?
True
Is 613 a prime number?
True
Is 85159 prime?
True
Is 11453 composite?
True
Is 111431 a composite number?
False
Is 152089 prime?
False
Is 183637 composite?
False
Is 3259 prime?
True
Is 72337 a composite number?
False
Is 807253 prime?
False
Is 1069323 composite?
True
Is 16883 composite?
False
Is 4853 a prime number?
False
Is 331 prime?
True
Is 11351 a prime number?
True
Is 887311 a composite number?
False
Is 34229 prime?
False
Is 209513 a composite number?
True
Is 50027 a composite number?
True
Is 4303 prime?
False
Is 6587 prime?
False
Is